{"id":9146,"date":"2023-12-31T14:46:13","date_gmt":"2023-12-31T11:46:13","guid":{"rendered":"http:\/\/turkiyekanttoplulugu.org\/?page_id=9146"},"modified":"2023-12-31T15:03:31","modified_gmt":"2023-12-31T12:03:31","slug":"dogumunun-300-yilinda-18-temada-kantla-karsilasmalar-karsitliklar","status":"publish","type":"page","link":"http:\/\/turkiyekanttoplulugu.org\/?page_id=9146","title":{"rendered":"Do\u011fumunun 300. Y\u0131l\u0131nda 18 Tema&#8217;da Kant&#8217;la Kar\u015f\u0131la\u015fmalar-Kar\u015f\u0131tl\u0131klar"},"content":{"rendered":"\n<p>T\u00fcrkiye Kant Toplulu\u011fu 2024 y\u0131l\u0131nda Kant&#8217;\u0131n do\u011fumunun 300. y\u0131l\u0131 vesilesiyle bir dizi etkinlik planlamaktad\u0131r. Bu etkinliklerden ilki \u0130stanbul \u00dcniversitesi Felsefe B\u00f6l\u00fcm\u00fc i\u015fbirli\u011fi ile T\u00fcrkiye Kant Toplulu\u011fu&#8217;nun kurulu\u015f y\u0131ld\u00f6n\u00fcm\u00fcn\u00fc de kapsayacak \u015fekilde 10-11 Ocak 2024 tarihlerinde \u0130stanbul \u00dcniversitesi Edebiyat Fak\u00fcltesi Genel Kurul Odas\u0131nda ger\u00e7ekle\u015fecektir. Bu etkinlikte se\u00e7ilen 18 tema ile Kant felsefesiyle kar\u015f\u0131tl\u0131k kurulabilecek ba\u015fka bir filozofun g\u00f6r\u00fc\u015fleri  birlikte ele al\u0131nacakt\u0131r. Etkinli\u011fimize kay\u0131t gerekmemekle birlikte, dileyen herkesin kat\u0131l\u0131m\u0131na a\u00e7\u0131kt\u0131r. Konferans program\u0131 i\u00e7in <a href=\"http:\/\/turkiyekanttoplulugu.org\/?page_id=9150\">t\u0131klay\u0131n\u0131z.<\/a><\/p>\n\n\n\n<p class=\"has-text-align-center\"><strong>Do\u011fumunun 300. Y\u0131l\u0131nda&nbsp; 18 Temada Kant\u2019la Kar\u015f\u0131la\u015fmalar-Kar\u015f\u0131tl\u0131klar<\/strong>*<br><\/p>\n\n\n\n<div class=\"wp-block-columns\">\n<div class=\"wp-block-column\" style=\"flex-basis:100%\">\n<div class=\"wp-block-columns\">\n<div class=\"wp-block-column\" style=\"flex-basis:100%\">\n<ol><li><strong>Aritmetik:<\/strong> Kant-Frege     \/                        \u00c7a\u011fla \u00d6zcan<\/li><li><strong>Bilgi:<\/strong> Kant-Quine\u00a0              \/                      Halise Av\u015far\u00a0\u00a0<\/li><li><strong>Din:<\/strong> Kant-Hamann             \/                     Umut Eldem<\/li><li><strong>Estetik:<\/strong> Kant-Lyotard         \/                     Hazal Gemicio\u011flu\u00a0<\/li><li><strong>Etik:<\/strong> Kant-Hume                     \/                 Seniye Tilev<\/li><li><strong>Geometri:<\/strong> Kant-Russell              \/            Mehmet Arslan<\/li><li><strong>Hukuk Felsefesi:<\/strong> Kant-Hegel      \/           Ertan Karde\u015f<\/li><li><strong>Kapsay\u0131c\u0131 Yurtta\u015fl\u0131k:<\/strong> Kant-Hippel     \/    \u00d6zlem Duva<\/li><li><strong>Kuvvet:<\/strong> Kant-Hegel               \/                 Baha Zafer<\/li><li><strong>Mant\u0131k:<\/strong> Kant-Husserl              \/               \u00d6zg\u00fc\u00e7 G\u00fcven<\/li><li><strong>Metafizik:<\/strong> Kant-Strawson           \/           Egemen Ku\u015fcu<\/li><li><strong>Politika:<\/strong>Kant-Rawls                \/                Tu\u011fba Sevin\u00e7<\/li><li><strong>Tamamlanamazl\u0131k:<\/strong> Kant-G\u00f6del       \/      Ayhan \u00c7itil<\/li><li><strong>Tanr\u0131:<\/strong> Kant-Nietzsche            \/                Mehmet G\u00fcnen\u00e7<\/li><li><strong>Tarih:<\/strong> Kant-Herder                       \/           Arzu \u0130bi\u015fi Temelli<\/li><li><strong>Teleoloji:<\/strong> Kant-Darwin          \/                B\u00fclent G\u00f6zk\u00e2n<\/li><li><strong>Temsil:<\/strong> Kant-Leibniz                \/               Aliye Kovanl\u0131kaya<\/li><li><strong>Zaman:<\/strong> Kant-Marius Stan          \/           Suat G\u00f6zc\u00fc<\/li><\/ol>\n\n\n\n<p>*Temalara g\u00f6re alfabetik olarak s\u0131ralanm\u0131\u015ft\u0131r.<\/p>\n<\/div>\n<\/div>\n<\/div>\n<\/div>\n","protected":false},"excerpt":{"rendered":"<p class=\"teaser\">T\u00fcrkiye Kant Toplulu\u011fu 2024 y\u0131l\u0131nda Kant&#8217;\u0131n do\u011fumunun 300. y\u0131l\u0131 vesilesiyle bir dizi etkinlik planlamaktad\u0131r. Bu etkinliklerden ilki \u0130stanbul \u00dcniversitesi Felsefe B\u00f6l\u00fcm\u00fc i\u015fbirli\u011fi ile T\u00fcrkiye Kant Toplulu\u011fu&#8217;nun kurulu\u015f y\u0131ld\u00f6n\u00fcm\u00fcn\u00fc de kapsayacak \u015fekilde 10-11 Ocak 2024 tarihlerinde \u0130stanbul \u00dcniversitesi Edebiyat Fak\u00fcltesi Genel Kurul Odas\u0131nda ger\u00e7ekle\u015fecektir. Bu etkinlikte se\u00e7ilen 18 tema ile Kant felsefesiyle kar\u015f\u0131tl\u0131k kurulabilecek ba\u015fka bir &hellip;<\/p>\n","protected":false},"author":1,"featured_media":0,"parent":0,"menu_order":0,"comment_status":"closed","ping_status":"closed","template":"","meta":{"spay_email":""},"_links":{"self":[{"href":"http:\/\/turkiyekanttoplulugu.org\/index.php?rest_route=\/wp\/v2\/pages\/9146"}],"collection":[{"href":"http:\/\/turkiyekanttoplulugu.org\/index.php?rest_route=\/wp\/v2\/pages"}],"about":[{"href":"http:\/\/turkiyekanttoplulugu.org\/index.php?rest_route=\/wp\/v2\/types\/page"}],"author":[{"embeddable":true,"href":"http:\/\/turkiyekanttoplulugu.org\/index.php?rest_route=\/wp\/v2\/users\/1"}],"replies":[{"embeddable":true,"href":"http:\/\/turkiyekanttoplulugu.org\/index.php?rest_route=%2Fwp%2Fv2%2Fcomments&post=9146"}],"version-history":[{"count":5,"href":"http:\/\/turkiyekanttoplulugu.org\/index.php?rest_route=\/wp\/v2\/pages\/9146\/revisions"}],"predecessor-version":[{"id":9162,"href":"http:\/\/turkiyekanttoplulugu.org\/index.php?rest_route=\/wp\/v2\/pages\/9146\/revisions\/9162"}],"wp:attachment":[{"href":"http:\/\/turkiyekanttoplulugu.org\/index.php?rest_route=%2Fwp%2Fv2%2Fmedia&parent=9146"}],"curies":[{"name":"wp","href":"https:\/\/api.w.org\/{rel}","templated":true}]}}