{"id":6317,"date":"2021-10-01T12:05:40","date_gmt":"2021-10-01T09:05:40","guid":{"rendered":"http:\/\/turkiyekanttoplulugu.org\/?page_id=6317"},"modified":"2021-12-08T11:54:45","modified_gmt":"2021-12-08T08:54:45","slug":"social-media","status":"publish","type":"page","link":"http:\/\/turkiyekanttoplulugu.org\/?page_id=6317&lang=en","title":{"rendered":"Social Media"},"content":{"rendered":"\n<p>For announcements made on social media accounts of the society, you can contact our member B\u00fckem \u00d6z\u00e7eri.<br>B\u00fckem \u00d6z\u00e7eri &#8211; bukemozceri@gmail.com<\/p>\n\n\n\n<p>Design:<br>Melda Erdir<\/p>\n","protected":false},"excerpt":{"rendered":"<p class=\"teaser\">For announcements made on social media accounts of the society, you can contact our member B\u00fckem \u00d6z\u00e7eri.B\u00fckem \u00d6z\u00e7eri &#8211; bukemozceri@gmail.com Design:Melda Erdir<\/p>\n","protected":false},"author":1,"featured_media":0,"parent":0,"menu_order":0,"comment_status":"closed","ping_status":"closed","template":"","meta":{"spay_email":""},"_links":{"self":[{"href":"http:\/\/turkiyekanttoplulugu.org\/index.php?rest_route=\/wp\/v2\/pages\/6317"}],"collection":[{"href":"http:\/\/turkiyekanttoplulugu.org\/index.php?rest_route=\/wp\/v2\/pages"}],"about":[{"href":"http:\/\/turkiyekanttoplulugu.org\/index.php?rest_route=\/wp\/v2\/types\/page"}],"author":[{"embeddable":true,"href":"http:\/\/turkiyekanttoplulugu.org\/index.php?rest_route=\/wp\/v2\/users\/1"}],"replies":[{"embeddable":true,"href":"http:\/\/turkiyekanttoplulugu.org\/index.php?rest_route=%2Fwp%2Fv2%2Fcomments&post=6317"}],"version-history":[{"count":2,"href":"http:\/\/turkiyekanttoplulugu.org\/index.php?rest_route=\/wp\/v2\/pages\/6317\/revisions"}],"predecessor-version":[{"id":6414,"href":"http:\/\/turkiyekanttoplulugu.org\/index.php?rest_route=\/wp\/v2\/pages\/6317\/revisions\/6414"}],"wp:attachment":[{"href":"http:\/\/turkiyekanttoplulugu.org\/index.php?rest_route=%2Fwp%2Fv2%2Fmedia&parent=6317"}],"curies":[{"name":"wp","href":"https:\/\/api.w.org\/{rel}","templated":true}]}}