{"id":6311,"date":"2021-10-01T11:59:32","date_gmt":"2021-10-01T08:59:32","guid":{"rendered":"http:\/\/turkiyekanttoplulugu.org\/?page_id=6311"},"modified":"2021-12-08T11:55:17","modified_gmt":"2021-12-08T08:55:17","slug":"sosyal-medya","status":"publish","type":"page","link":"http:\/\/turkiyekanttoplulugu.org\/?page_id=6311","title":{"rendered":"Sosyal Medya"},"content":{"rendered":"\n<p>Toplulu\u011fun sosyal medya hesaplar\u0131ndan yap\u0131lan duyurular i\u00e7in \u00fcyemiz B\u00fckem \u00d6z\u00e7eri ile ileti\u015fime ge\u00e7ebilirsiniz.<br>B\u00fckem \u00d6z\u00e7eri &#8211; bukemozceri@gmail.com<\/p>\n\n\n\n<p>Tasar\u0131m:<br>Melda Erdir <\/p>\n","protected":false},"excerpt":{"rendered":"<p class=\"teaser\">Toplulu\u011fun sosyal medya hesaplar\u0131ndan yap\u0131lan duyurular i\u00e7in \u00fcyemiz B\u00fckem \u00d6z\u00e7eri ile ileti\u015fime ge\u00e7ebilirsiniz.B\u00fckem \u00d6z\u00e7eri &#8211; bukemozceri@gmail.com Tasar\u0131m:Melda Erdir<\/p>\n","protected":false},"author":1,"featured_media":0,"parent":0,"menu_order":0,"comment_status":"closed","ping_status":"closed","template":"","meta":{"spay_email":""},"_links":{"self":[{"href":"http:\/\/turkiyekanttoplulugu.org\/index.php?rest_route=\/wp\/v2\/pages\/6311"}],"collection":[{"href":"http:\/\/turkiyekanttoplulugu.org\/index.php?rest_route=\/wp\/v2\/pages"}],"about":[{"href":"http:\/\/turkiyekanttoplulugu.org\/index.php?rest_route=\/wp\/v2\/types\/page"}],"author":[{"embeddable":true,"href":"http:\/\/turkiyekanttoplulugu.org\/index.php?rest_route=\/wp\/v2\/users\/1"}],"replies":[{"embeddable":true,"href":"http:\/\/turkiyekanttoplulugu.org\/index.php?rest_route=%2Fwp%2Fv2%2Fcomments&post=6311"}],"version-history":[{"count":4,"href":"http:\/\/turkiyekanttoplulugu.org\/index.php?rest_route=\/wp\/v2\/pages\/6311\/revisions"}],"predecessor-version":[{"id":6415,"href":"http:\/\/turkiyekanttoplulugu.org\/index.php?rest_route=\/wp\/v2\/pages\/6311\/revisions\/6415"}],"wp:attachment":[{"href":"http:\/\/turkiyekanttoplulugu.org\/index.php?rest_route=%2Fwp%2Fv2%2Fmedia&parent=6311"}],"curies":[{"name":"wp","href":"https:\/\/api.w.org\/{rel}","templated":true}]}}