{"id":6010,"date":"2021-04-18T01:23:38","date_gmt":"2021-04-17T22:23:38","guid":{"rendered":"http:\/\/turkiyekanttoplulugu.org\/?page_id=6010"},"modified":"2021-04-30T12:41:07","modified_gmt":"2021-04-30T09:41:07","slug":"uye-katilim","status":"publish","type":"page","link":"http:\/\/turkiyekanttoplulugu.org\/?page_id=6010","title":{"rendered":"\u00dcye Kat\u0131l\u0131m"},"content":{"rendered":"\t\t<div data-elementor-type=\"wp-page\" data-elementor-id=\"6010\" class=\"elementor elementor-6010\" data-elementor-settings=\"[]\">\n\t\t\t\t\t\t<div class=\"elementor-inner\">\n\t\t\t\t\t\t\t<div class=\"elementor-section-wrap\">\n\t\t\t\t\t\t\t<section class=\"elementor-section elementor-top-section elementor-element elementor-element-261f0412 elementor-section-boxed elementor-section-height-default elementor-section-height-default\" data-id=\"261f0412\" data-element_type=\"section\">\n\t\t\t\t\t\t<div class=\"elementor-container elementor-column-gap-default\">\n\t\t\t\t\t\t\t<div class=\"elementor-row\">\n\t\t\t\t\t<div class=\"elementor-column elementor-col-100 elementor-top-column elementor-element elementor-element-1b4bb36c\" data-id=\"1b4bb36c\" data-element_type=\"column\">\n\t\t\t<div class=\"elementor-column-wrap elementor-element-populated\">\n\t\t\t\t\t\t\t<div class=\"elementor-widget-wrap\">\n\t\t\t\t\t\t<div class=\"elementor-element elementor-element-29e56a81 elementor-widget elementor-widget-text-editor\" data-id=\"29e56a81\" data-element_type=\"widget\" data-widget_type=\"text-editor.default\">\n\t\t\t\t<div class=\"elementor-widget-container\">\n\t\t\t\t\t\t\t\t<div class=\"elementor-text-editor elementor-clearfix\">\n\t\t\t\t\t<!-- wp:heading {\"level\":3} -->\n<h3>\u00dcye Kat\u0131l\u0131m Formu<\/h3>\n<!-- \/wp:heading -->\n<p class=\"p1\"><span class=\"s1\">Bize <a href=\"mailto:turkiyekanttoplulugu@gmail.com\"><span class=\"s2\">turkiyekanttoplulugu@gmail.com<\/span><\/a><span class=\"Apple-converted-space\">\u00a0 <\/span>adresine e-posta yollayarak ya da a\u015fa\u011f\u0131daki formu doldurarak ula\u015fabilirsiniz.<\/span><\/p>\n<div class=\"su-spacer\" style=\"height:30px\"><\/div>\n<div role=\"form\" class=\"wpcf7\" id=\"wpcf7-f6009-o1\" lang=\"tr-TR\" dir=\"ltr\">\n<div class=\"screen-reader-response\"><p role=\"status\" aria-live=\"polite\" aria-atomic=\"true\"><\/p> <ul><\/ul><\/div>\n<form action=\"\/index.php?rest_route=%2Fwp%2Fv2%2Fpages%2F6010#wpcf7-f6009-o1\" method=\"post\" class=\"wpcf7-form init\" novalidate=\"novalidate\" data-status=\"init\">\n<div style=\"display: none;\">\n<input type=\"hidden\" name=\"_wpcf7\" value=\"6009\" \/>\n<input type=\"hidden\" name=\"_wpcf7_version\" value=\"5.4.1\" \/>\n<input type=\"hidden\" name=\"_wpcf7_locale\" value=\"tr_TR\" \/>\n<input type=\"hidden\" name=\"_wpcf7_unit_tag\" value=\"wpcf7-f6009-o1\" \/>\n<input type=\"hidden\" name=\"_wpcf7_container_post\" value=\"0\" \/>\n<input type=\"hidden\" name=\"_wpcf7_posted_data_hash\" value=\"\" \/>\n<\/div>\n<p><label> Ad\u0131n\u0131z, Soyad\u0131n\u0131z *<br \/>\n    <span class=\"wpcf7-form-control-wrap your-name\"><input type=\"text\" name=\"your-name\" value=\"\" size=\"40\" class=\"wpcf7-form-control wpcf7-text wpcf7-validates-as-required\" aria-required=\"true\" aria-invalid=\"false\" \/><\/span> <\/label><\/p>\n<p><label> E-posta adresiniz *<br \/>\n    <span class=\"wpcf7-form-control-wrap your-email\"><input type=\"email\" name=\"your-email\" value=\"\" size=\"40\" class=\"wpcf7-form-control wpcf7-text wpcf7-email wpcf7-validates-as-required wpcf7-validates-as-email\" aria-required=\"true\" aria-invalid=\"false\" \/><\/span> <\/label><\/p>\n<p><label> \u0130leti\u015fim Adresi<br \/>\n    <span class=\"wpcf7-form-control-wrap your-address\"><input type=\"text\" name=\"your-address\" value=\"\" size=\"40\" class=\"wpcf7-form-control wpcf7-text\" aria-invalid=\"false\" \/><\/span> <\/label><\/p>\n<p><label> \u0130leti\u015fim Telefonu<br \/>\n    <span class=\"wpcf7-form-control-wrap your-phone\"><input type=\"tel\" name=\"your-phone\" value=\"\" size=\"40\" class=\"wpcf7-form-control wpcf7-text wpcf7-tel wpcf7-validates-as-tel\" aria-invalid=\"false\" \/><\/span> <\/label><\/p>\n<p><label> Kurum\/G\u00f6rev<br \/>\n    <span class=\"wpcf7-form-control-wrap your-company\"><input type=\"text\" name=\"your-company\" value=\"\" size=\"40\" class=\"wpcf7-form-control wpcf7-text\" aria-invalid=\"false\" \/><\/span> <\/label><\/p>\n<p><label> E\u011fitim Durumu *<br \/>\n    <span class=\"wpcf7-form-control-wrap menu-education\"><select name=\"menu-education\" class=\"wpcf7-form-control wpcf7-select wpcf7-validates-as-required\" aria-required=\"true\" aria-invalid=\"false\"><option value=\"\">&#8212;<\/option><option value=\"Lisans\">Lisans<\/option><option value=\"Y\u00fcksek Lisans\">Y\u00fcksek Lisans<\/option><option value=\"Doktora\">Doktora<\/option><\/select><\/span> <\/label><\/p>\n<p><label> Kant Felsefesi \u00dczerine: *<br \/>\n    <span class=\"wpcf7-form-control-wrap menu-kriterler\"><select name=\"menu-kriterler\" class=\"wpcf7-form-control wpcf7-select wpcf7-validates-as-required\" aria-required=\"true\" aria-invalid=\"false\"><option value=\"\">&#8212;<\/option><option value=\"Y\u00fcksek lisans derecesine sahibim\">Y\u00fcksek lisans derecesine sahibim<\/option><option value=\"Doktora derecesine sahibim\">Doktora derecesine sahibim<\/option><option value=\"Post-doktora s\u00fcrecinde Kant Felsefesi odakl\u0131 \u00e7al\u0131\u015ft\u0131m\">Post-doktora s\u00fcrecinde Kant Felsefesi odakl\u0131 \u00e7al\u0131\u015ft\u0131m<\/option><option value=\"Hakemli bir dergide en az bir yay\u0131n\/\u00e7eviri yapt\u0131m\">Hakemli bir dergide en az bir yay\u0131n\/\u00e7eviri yapt\u0131m<\/option><option value=\"Telif veya \u00e7eviri kitap yay\u0131n\u0131m var\">Telif veya \u00e7eviri kitap yay\u0131n\u0131m var<\/option><\/select><\/span> <\/label><\/p>\n<p><span class=\"wpcf7-form-control-wrap text-kunye\"><input type=\"text\" name=\"text-kunye\" value=\"\" size=\"40\" class=\"wpcf7-form-control wpcf7-text wpcf7-validates-as-required\" aria-required=\"true\" aria-invalid=\"false\" placeholder=\"\u00d6rnek K\u00fcnye: Doktora tezi: \u00d6zlem Duva Kaya, Kant\u2019\u0131n Felsefi Antropolojisi ve \u00c7a\u011fda\u015f Felsefeye Etkisi, 2010.\" \/><\/span><\/p>\n<p><label> Kant Felsefesi \u00dczerine \u00c7al\u0131\u015fma Alan\u0131n\u0131z *<br \/>\n    <span class=\"wpcf7-form-control-wrap text-calisma-alani\"><input type=\"text\" name=\"text-calisma-alani\" value=\"\" size=\"40\" class=\"wpcf7-form-control wpcf7-text wpcf7-validates-as-required\" aria-required=\"true\" aria-invalid=\"false\" placeholder=\"\u00d6rn: Kant esteti\u011fi, metafizik vb.\" \/><\/span> <\/label><\/p>\n<p><label> T\u00fcrkiye Kant Toplulu\u011fu\u2019na nas\u0131l katk\u0131da bulunabilirsiniz? * <\/label><\/p>\n<p><span class=\"wpcf7-form-control-wrap checkbox-subscription\"><span class=\"wpcf7-form-control wpcf7-checkbox\"><span class=\"wpcf7-list-item first last\"><input type=\"checkbox\" name=\"checkbox-subscription[]\" value=\"Duyurulardan haberdar olmak istiyorum.\" \/><span class=\"wpcf7-list-item-label\">Duyurulardan haberdar olmak istiyorum.<\/span><\/span><\/span><\/span><\/p>\n<p><span class=\"wpcf7-form-control-wrap checkbox-contribution1\"><span class=\"wpcf7-form-control wpcf7-checkbox\"><span class=\"wpcf7-list-item first last\"><input type=\"checkbox\" name=\"checkbox-contribution1[]\" value=\"D\u00fczenlenen akademik etkinliklere (dergi, konferans, at\u00f6lye, \u00e7al\u0131\u015ftay vb.) katk\u0131 sa\u011flayabilirim.\" \/><span class=\"wpcf7-list-item-label\">D\u00fczenlenen akademik etkinliklere (dergi, konferans, at\u00f6lye, \u00e7al\u0131\u015ftay vb.) katk\u0131 sa\u011flayabilirim.<\/span><\/span><\/span><\/span><\/p>\n<p><span class=\"wpcf7-form-control-wrap checkbox-contribution2\"><span class=\"wpcf7-form-control wpcf7-checkbox\"><span class=\"wpcf7-list-item first last\"><input type=\"checkbox\" name=\"checkbox-contribution2[]\" value=\"Mizanpaj, tasar\u0131m\/web tasar\u0131m\u0131, hukuki dan\u0131\u015fmanl\u0131k, sponsor ara\u015ft\u0131rma vb. konularda destek olabilirim.\" \/><span class=\"wpcf7-list-item-label\">Mizanpaj, tasar\u0131m\/web tasar\u0131m\u0131, hukuki dan\u0131\u015fmanl\u0131k, sponsor ara\u015ft\u0131rma vb. konularda destek olabilirim.<\/span><\/span><\/span><\/span><\/p>\n<p><span class=\"wpcf7-form-control-wrap checkbox-contribution3\"><span class=\"wpcf7-form-control wpcf7-checkbox\"><span class=\"wpcf7-list-item first last\"><input type=\"checkbox\" name=\"checkbox-contribution3[]\" value=\"Di\u011fer (l\u00fctfen belirtiniz)\" \/><span class=\"wpcf7-list-item-label\">Di\u011fer (l\u00fctfen belirtiniz)<\/span><\/span><\/span><\/span><\/p>\n<p><span class=\"wpcf7-form-control-wrap text-contribution4\"><input type=\"text\" name=\"text-contribution4\" value=\"\" size=\"40\" class=\"wpcf7-form-control wpcf7-text\" aria-invalid=\"false\" placeholder=\"\u00d6rn: Etkinliklerde foto\u011fraf \u00e7ekebilirim\" \/><\/span><\/p>\n<p><label> T\u00fcrkiye Kant Toplulu\u011fu\u2019ndan nas\u0131l haberdar oldunuz? *<br \/>\n<span class=\"wpcf7-form-control-wrap menu-reference\"><select name=\"menu-reference\" class=\"wpcf7-form-control wpcf7-select wpcf7-validates-as-required\" aria-required=\"true\" aria-invalid=\"false\"><option value=\"\">&#8212;<\/option><option value=\"Kurulu\u015f s\u00fcrecinde yer ald\u0131m.\">Kurulu\u015f s\u00fcrecinde yer ald\u0131m.<\/option><option value=\"Arkada\u015f\u0131mdan duydum.\">Arkada\u015f\u0131mdan duydum.<\/option><option value=\"Sosyal medyada g\u00f6rd\u00fcm.\">Sosyal medyada g\u00f6rd\u00fcm.<\/option><option value=\"Bas\u0131l\u0131 veya \u00e7evrimi\u00e7i medyada g\u00f6z\u00fcme \u00e7arpt\u0131.\">Bas\u0131l\u0131 veya \u00e7evrimi\u00e7i medyada g\u00f6z\u00fcme \u00e7arpt\u0131.<\/option><option value=\"Web sayfas\u0131na rastlad\u0131m.\">Web sayfas\u0131na rastlad\u0131m.<\/option><option value=\"T\u00fcrkiye Kant Toplulu\u011fu\u2019nun d\u00fczenledi\u011fi bir etkinli\u011fe kat\u0131ld\u0131m.\">T\u00fcrkiye Kant Toplulu\u011fu\u2019nun d\u00fczenledi\u011fi bir etkinli\u011fe kat\u0131ld\u0131m.<\/option><option value=\"Okumakta \/ \u00e7al\u0131\u015fmakta oldu\u011fum b\u00f6l\u00fcm\u00fcn baz\u0131 \u00fcyeleri bahsetti.\">Okumakta \/ \u00e7al\u0131\u015fmakta oldu\u011fum b\u00f6l\u00fcm\u00fcn baz\u0131 \u00fcyeleri bahsetti.<\/option><option value=\"Di\u011fer\">Di\u011fer<\/option><\/select><\/span> <\/label><\/p>\n<p><span class=\"wpcf7-form-control-wrap menu-name-consent\"><span class=\"wpcf7-form-control wpcf7-checkbox\"><span class=\"wpcf7-list-item first last\"><input type=\"checkbox\" name=\"menu-name-consent[]\" value=\"\u00dcye olarak ad\u0131m\u0131n web sayfas\u0131nda g\u00f6r\u00fcnmesini istiyorum.\" \/><span class=\"wpcf7-list-item-label\">\u00dcye olarak ad\u0131m\u0131n web sayfas\u0131nda g\u00f6r\u00fcnmesini istiyorum.<\/span><\/span><\/span><\/span><\/p>\n<p><span class=\"wpcf7-form-control-wrap menu-whatsapp-consent\"><span class=\"wpcf7-form-control wpcf7-checkbox\"><span class=\"wpcf7-list-item first last\"><input type=\"checkbox\" name=\"menu-whatsapp-consent[]\" value=\"TKT Whatsapp Duyuru Grubuna kat\u0131lmak istiyorum.\" \/><span class=\"wpcf7-list-item-label\">TKT Whatsapp Duyuru Grubuna kat\u0131lmak istiyorum.<\/span><\/span><\/span><\/span><\/p>\n<p><span class=\"wpcf7-form-control-wrap your-consent1\"><span class=\"wpcf7-form-control wpcf7-acceptance\"><span class=\"wpcf7-list-item\"><label><input type=\"checkbox\" name=\"your-consent1\" value=\"1\" aria-invalid=\"false\" \/><span class=\"wpcf7-list-item-label\">18 ya\u015f\u0131n\u0131 bitirdim, meden\u00ee haklar\u0131 kullanma yeterlili\u011fine sahibim.<\/span><\/label><\/span><\/span><\/span><\/p>\n<p><span class=\"wpcf7-form-control-wrap your-consent2\"><span class=\"wpcf7-form-control wpcf7-acceptance\"><span class=\"wpcf7-list-item\"><label><input type=\"checkbox\" name=\"your-consent2\" value=\"1\" aria-invalid=\"false\" \/><span class=\"wpcf7-list-item-label\">T\u00fcrkiye Kant Toplulu\u011fu\u2019nun ilkelerini okudum ve \u00fcye olarak bu ilkeleri benimsiyorum.<\/span><\/label><\/span><\/span><\/span><\/p>\n<p><span class=\"wpcf7-form-control-wrap your-consent3\"><span class=\"wpcf7-form-control wpcf7-acceptance\"><span class=\"wpcf7-list-item\"><label><input type=\"checkbox\" name=\"your-consent3\" value=\"1\" aria-invalid=\"false\" \/><span class=\"wpcf7-list-item-label\">Yukar\u0131daki ko\u015fullar\u0131 sa\u011flad\u0131\u011f\u0131m\u0131 ve verdi\u011fim bilgilerin do\u011fru oldu\u011funu kabul ediyorum.<\/span><\/label><\/span><\/span><\/span><\/p>\n<p><input type=\"submit\" value=\"G\u00f6nder\" class=\"wpcf7-form-control wpcf7-submit\" \/><\/p>\n<div class=\"wpcf7-response-output\" aria-hidden=\"true\"><\/div><\/form><\/div>\t\t\t\t\t<\/div>\n\t\t\t\t\t\t<\/div>\n\t\t\t\t<\/div>\n\t\t\t\t\t\t<\/div>\n\t\t\t\t\t<\/div>\n\t\t<\/div>\n\t\t\t\t\t\t\t\t<\/div>\n\t\t\t\t\t<\/div>\n\t\t<\/section>\n\t\t\t\t\t\t<\/div>\n\t\t\t\t\t\t<\/div>\n\t\t\t\t\t<\/div>\n\t\t","protected":false},"excerpt":{"rendered":"<p class=\"teaser\">\u00dcyelik Ba\u015fvuru Formu TKT T\u00fcz\u00fc\u011f\u00fc Madde 4 uyar\u0131nca toplulu\u011fa \u00fcye olmak i\u00e7in belirlenen \u00fcyelik ko\u015fullar\u0131n\u0131 haiz herkes ba\u015fvurabilir. Ba\u015fvurudan sonra \u00fcyeli\u011fe kabul y\u00f6netim kurulu karar\u0131 ile olur. Adaylar\u0131n \u00fcyelik ba\u015fvurusunda bulunabilmeleri i\u00e7in: 1- Meden\u00ee haklar\u0131 kullanma yeterlili\u011fine sahip ve 18 ya\u015f\u0131n\u0131 bitirmi\u015f olmas\u0131, 2- A\u015fa\u011f\u0131daki kriterlerden en az 1 (bir) tanesini yerine getirmesi beklenir. Kant &hellip;<\/p>\n","protected":false},"author":1,"featured_media":5631,"parent":0,"menu_order":0,"comment_status":"closed","ping_status":"closed","template":"","meta":{"spay_email":""},"_links":{"self":[{"href":"http:\/\/turkiyekanttoplulugu.org\/index.php?rest_route=\/wp\/v2\/pages\/6010"}],"collection":[{"href":"http:\/\/turkiyekanttoplulugu.org\/index.php?rest_route=\/wp\/v2\/pages"}],"about":[{"href":"http:\/\/turkiyekanttoplulugu.org\/index.php?rest_route=\/wp\/v2\/types\/page"}],"author":[{"embeddable":true,"href":"http:\/\/turkiyekanttoplulugu.org\/index.php?rest_route=\/wp\/v2\/users\/1"}],"replies":[{"embeddable":true,"href":"http:\/\/turkiyekanttoplulugu.org\/index.php?rest_route=%2Fwp%2Fv2%2Fcomments&post=6010"}],"version-history":[{"count":7,"href":"http:\/\/turkiyekanttoplulugu.org\/index.php?rest_route=\/wp\/v2\/pages\/6010\/revisions"}],"predecessor-version":[{"id":6056,"href":"http:\/\/turkiyekanttoplulugu.org\/index.php?rest_route=\/wp\/v2\/pages\/6010\/revisions\/6056"}],"wp:featuredmedia":[{"embeddable":true,"href":"http:\/\/turkiyekanttoplulugu.org\/index.php?rest_route=\/wp\/v2\/media\/5631"}],"wp:attachment":[{"href":"http:\/\/turkiyekanttoplulugu.org\/index.php?rest_route=%2Fwp%2Fv2%2Fmedia&parent=6010"}],"curies":[{"name":"wp","href":"https:\/\/api.w.org\/{rel}","templated":true}]}}