{"id":5734,"date":"2021-01-23T23:38:26","date_gmt":"2021-01-23T20:38:26","guid":{"rendered":"http:\/\/turkiyekanttoplulugu.org\/?page_id=5734"},"modified":"2026-01-15T10:26:47","modified_gmt":"2026-01-15T07:26:47","slug":"denetim-kurulu","status":"publish","type":"page","link":"http:\/\/turkiyekanttoplulugu.org\/?page_id=5734","title":{"rendered":"Denetim Kurulu"},"content":{"rendered":"\n<div class=\"wp-block-media-text alignwide is-stacked-on-mobile\"><figure class=\"wp-block-media-text__media\"><img data-attachment-id=\"9515\" data-permalink=\"http:\/\/turkiyekanttoplulugu.org\/?attachment_id=9515\" data-orig-file=\"https:\/\/i2.wp.com\/turkiyekanttoplulugu.org\/wp-content\/uploads\/2021\/01\/mehmetblog.jpg?fit=360%2C360\" data-orig-size=\"360,360\" data-comments-opened=\"1\" data-image-meta=\"{&quot;aperture&quot;:&quot;0&quot;,&quot;credit&quot;:&quot;&quot;,&quot;camera&quot;:&quot;&quot;,&quot;caption&quot;:&quot;&quot;,&quot;created_timestamp&quot;:&quot;0&quot;,&quot;copyright&quot;:&quot;&quot;,&quot;focal_length&quot;:&quot;0&quot;,&quot;iso&quot;:&quot;0&quot;,&quot;shutter_speed&quot;:&quot;0&quot;,&quot;title&quot;:&quot;&quot;,&quot;orientation&quot;:&quot;0&quot;}\" data-image-title=\"mehmetblog\" data-image-description=\"\" data-medium-file=\"https:\/\/i2.wp.com\/turkiyekanttoplulugu.org\/wp-content\/uploads\/2021\/01\/mehmetblog.jpg?fit=300%2C300\" data-large-file=\"https:\/\/i2.wp.com\/turkiyekanttoplulugu.org\/wp-content\/uploads\/2021\/01\/mehmetblog.jpg?fit=360%2C360\" loading=\"lazy\" width=\"360\" height=\"360\" src=\"https:\/\/i2.wp.com\/turkiyekanttoplulugu.org\/wp-content\/uploads\/2021\/01\/mehmetblog.jpg?resize=360%2C360\" alt=\"\" class=\"wp-image-9515 size-full\" srcset=\"https:\/\/i2.wp.com\/turkiyekanttoplulugu.org\/wp-content\/uploads\/2021\/01\/mehmetblog.jpg?w=360 360w, https:\/\/i2.wp.com\/turkiyekanttoplulugu.org\/wp-content\/uploads\/2021\/01\/mehmetblog.jpg?resize=300%2C300 300w, https:\/\/i2.wp.com\/turkiyekanttoplulugu.org\/wp-content\/uploads\/2021\/01\/mehmetblog.jpg?resize=150%2C150 150w, https:\/\/i2.wp.com\/turkiyekanttoplulugu.org\/wp-content\/uploads\/2021\/01\/mehmetblog.jpg?resize=70%2C70 70w\" sizes=\"(max-width: 360px) 100vw, 360px\" data-recalc-dims=\"1\" \/><\/figure><div class=\"wp-block-media-text__content\">\n<blockquote class=\"wp-block-quote\"><p>Mehmet Arslan<\/p><p>Samsun \u00dcniversitesi<\/p><p>Kant&#8217;\u0131n Matematik Felsefesi<\/p><\/blockquote>\n\n\n\n<p><\/p>\n<\/div><\/div>\n\n\n\n<div class=\"wp-block-media-text alignwide is-stacked-on-mobile\"><figure class=\"wp-block-media-text__media\"><img data-attachment-id=\"9514\" data-permalink=\"http:\/\/turkiyekanttoplulugu.org\/?attachment_id=9514\" data-orig-file=\"https:\/\/i0.wp.com\/turkiyekanttoplulugu.org\/wp-content\/uploads\/2021\/01\/aydingelmezblog.jpg?fit=1600%2C1171\" data-orig-size=\"1600,1171\" data-comments-opened=\"1\" data-image-meta=\"{&quot;aperture&quot;:&quot;0&quot;,&quot;credit&quot;:&quot;&quot;,&quot;camera&quot;:&quot;&quot;,&quot;caption&quot;:&quot;&quot;,&quot;created_timestamp&quot;:&quot;0&quot;,&quot;copyright&quot;:&quot;&quot;,&quot;focal_length&quot;:&quot;0&quot;,&quot;iso&quot;:&quot;0&quot;,&quot;shutter_speed&quot;:&quot;0&quot;,&quot;title&quot;:&quot;&quot;,&quot;orientation&quot;:&quot;0&quot;}\" data-image-title=\"aydingelmezblog\" data-image-description=\"\" data-medium-file=\"https:\/\/i0.wp.com\/turkiyekanttoplulugu.org\/wp-content\/uploads\/2021\/01\/aydingelmezblog.jpg?fit=300%2C220\" data-large-file=\"https:\/\/i0.wp.com\/turkiyekanttoplulugu.org\/wp-content\/uploads\/2021\/01\/aydingelmezblog.jpg?fit=1024%2C749\" loading=\"lazy\" width=\"1110\" height=\"812\" src=\"https:\/\/i0.wp.com\/turkiyekanttoplulugu.org\/wp-content\/uploads\/2021\/01\/aydingelmezblog.jpg?resize=1110%2C812\" alt=\"\" class=\"wp-image-9514 size-full\" srcset=\"https:\/\/i0.wp.com\/turkiyekanttoplulugu.org\/wp-content\/uploads\/2021\/01\/aydingelmezblog.jpg?w=1600 1600w, https:\/\/i0.wp.com\/turkiyekanttoplulugu.org\/wp-content\/uploads\/2021\/01\/aydingelmezblog.jpg?resize=300%2C220 300w, https:\/\/i0.wp.com\/turkiyekanttoplulugu.org\/wp-content\/uploads\/2021\/01\/aydingelmezblog.jpg?resize=1024%2C749 1024w, https:\/\/i0.wp.com\/turkiyekanttoplulugu.org\/wp-content\/uploads\/2021\/01\/aydingelmezblog.jpg?resize=768%2C562 768w, https:\/\/i0.wp.com\/turkiyekanttoplulugu.org\/wp-content\/uploads\/2021\/01\/aydingelmezblog.jpg?resize=1536%2C1124 1536w\" sizes=\"(max-width: 1110px) 100vw, 1110px\" data-recalc-dims=\"1\" \/><\/figure><div class=\"wp-block-media-text__content\">\n<blockquote class=\"wp-block-quote\"><p>Ayd\u0131n Gelmez <\/p><p>Ba\u011f\u0131ms\u0131z Ara\u015ft\u0131rmac\u0131 <\/p><p>Kant&#8217;\u0131n Politik Felsefesi<\/p><\/blockquote>\n<\/div><\/div>\n\n\n\n<div class=\"wp-block-media-text alignwide is-stacked-on-mobile\"><figure class=\"wp-block-media-text__media\"><img data-attachment-id=\"9860\" data-permalink=\"http:\/\/turkiyekanttoplulugu.org\/?attachment_id=9860\" data-orig-file=\"https:\/\/i0.wp.com\/turkiyekanttoplulugu.org\/wp-content\/uploads\/2021\/01\/IMG_1428-scaled.jpg?fit=2560%2C1707\" data-orig-size=\"2560,1707\" data-comments-opened=\"1\" data-image-meta=\"{&quot;aperture&quot;:&quot;0&quot;,&quot;credit&quot;:&quot;Bekir Levioglu&quot;,&quot;camera&quot;:&quot;&quot;,&quot;caption&quot;:&quot;&quot;,&quot;created_timestamp&quot;:&quot;0&quot;,&quot;copyright&quot;:&quot;&quot;,&quot;focal_length&quot;:&quot;0&quot;,&quot;iso&quot;:&quot;0&quot;,&quot;shutter_speed&quot;:&quot;0&quot;,&quot;title&quot;:&quot;&quot;,&quot;orientation&quot;:&quot;0&quot;}\" data-image-title=\"IMG_1428\" data-image-description=\"\" data-medium-file=\"https:\/\/i0.wp.com\/turkiyekanttoplulugu.org\/wp-content\/uploads\/2021\/01\/IMG_1428-scaled.jpg?fit=300%2C200\" data-large-file=\"https:\/\/i0.wp.com\/turkiyekanttoplulugu.org\/wp-content\/uploads\/2021\/01\/IMG_1428-scaled.jpg?fit=1024%2C683\" loading=\"lazy\" width=\"1110\" height=\"740\" src=\"https:\/\/i0.wp.com\/turkiyekanttoplulugu.org\/wp-content\/uploads\/2021\/01\/IMG_1428-scaled.jpg?resize=1110%2C740\" alt=\"\" class=\"wp-image-9860 size-full\" srcset=\"https:\/\/i0.wp.com\/turkiyekanttoplulugu.org\/wp-content\/uploads\/2021\/01\/IMG_1428-scaled.jpg?w=2560 2560w, https:\/\/i0.wp.com\/turkiyekanttoplulugu.org\/wp-content\/uploads\/2021\/01\/IMG_1428-scaled.jpg?resize=300%2C200 300w, https:\/\/i0.wp.com\/turkiyekanttoplulugu.org\/wp-content\/uploads\/2021\/01\/IMG_1428-scaled.jpg?resize=1024%2C683 1024w, https:\/\/i0.wp.com\/turkiyekanttoplulugu.org\/wp-content\/uploads\/2021\/01\/IMG_1428-scaled.jpg?resize=768%2C512 768w, https:\/\/i0.wp.com\/turkiyekanttoplulugu.org\/wp-content\/uploads\/2021\/01\/IMG_1428-scaled.jpg?resize=1536%2C1024 1536w, https:\/\/i0.wp.com\/turkiyekanttoplulugu.org\/wp-content\/uploads\/2021\/01\/IMG_1428-scaled.jpg?resize=2048%2C1366 2048w, https:\/\/i0.wp.com\/turkiyekanttoplulugu.org\/wp-content\/uploads\/2021\/01\/IMG_1428-scaled.jpg?w=2220 2220w\" sizes=\"(max-width: 1110px) 100vw, 1110px\" data-recalc-dims=\"1\" \/><\/figure><div class=\"wp-block-media-text__content\">\n<blockquote class=\"wp-block-quote\"><p>\u00d6zg\u00fc\u00e7 G\u00fcven <\/p><p>\u0130stanbul \u00dcniversitesi<\/p><p>Kant&#8217;\u0131n Teorik Felsefesi, Matematik Felsefesi, Ele\u015ftiri \u00d6ncesi D\u00f6nem<\/p><\/blockquote>\n<\/div><\/div>\n\n\n\n<div class=\"wp-block-media-text alignwide is-stacked-on-mobile\"><figure class=\"wp-block-media-text__media\"><img data-attachment-id=\"11514\" data-permalink=\"http:\/\/turkiyekanttoplulugu.org\/?attachment_id=11514\" data-orig-file=\"https:\/\/i0.wp.com\/turkiyekanttoplulugu.org\/wp-content\/uploads\/2026\/01\/Fotog\u0306raf.jpg?fit=710%2C856\" data-orig-size=\"710,856\" data-comments-opened=\"1\" data-image-meta=\"{&quot;aperture&quot;:&quot;0&quot;,&quot;credit&quot;:&quot;&quot;,&quot;camera&quot;:&quot;&quot;,&quot;caption&quot;:&quot;&quot;,&quot;created_timestamp&quot;:&quot;1768326263&quot;,&quot;copyright&quot;:&quot;&quot;,&quot;focal_length&quot;:&quot;0&quot;,&quot;iso&quot;:&quot;0&quot;,&quot;shutter_speed&quot;:&quot;0&quot;,&quot;title&quot;:&quot;&quot;,&quot;orientation&quot;:&quot;0&quot;}\" data-image-title=\"Fotog\u0306raf\" data-image-description=\"\" data-medium-file=\"https:\/\/i0.wp.com\/turkiyekanttoplulugu.org\/wp-content\/uploads\/2026\/01\/Fotog\u0306raf.jpg?fit=249%2C300\" data-large-file=\"https:\/\/i0.wp.com\/turkiyekanttoplulugu.org\/wp-content\/uploads\/2026\/01\/Fotog\u0306raf.jpg?fit=710%2C856\" loading=\"lazy\" width=\"710\" height=\"856\" src=\"https:\/\/i0.wp.com\/turkiyekanttoplulugu.org\/wp-content\/uploads\/2026\/01\/Fotog\u0306raf.jpg?resize=710%2C856\" alt=\"\" class=\"wp-image-11514 size-full\" srcset=\"https:\/\/i0.wp.com\/turkiyekanttoplulugu.org\/wp-content\/uploads\/2026\/01\/Fotog\u0306raf.jpg?w=710 710w, https:\/\/i0.wp.com\/turkiyekanttoplulugu.org\/wp-content\/uploads\/2026\/01\/Fotog\u0306raf.jpg?resize=249%2C300 249w\" sizes=\"(max-width: 710px) 100vw, 710px\" data-recalc-dims=\"1\" \/><\/figure><div class=\"wp-block-media-text__content\">\n<blockquote class=\"wp-block-quote\"><p>G\u00f6khan Sava\u015f<\/p><p>\u0130stanbul 29 May\u0131s \u00dcniversitesi<\/p><p>Transandantal Felsefe<\/p><\/blockquote>\n<\/div><\/div>\n","protected":false},"excerpt":{"rendered":"<p class=\"teaser\">Mehmet Arslan Samsun \u00dcniversitesi Kant&#8217;\u0131n Matematik Felsefesi Ayd\u0131n Gelmez Ba\u011f\u0131ms\u0131z Ara\u015ft\u0131rmac\u0131 Kant&#8217;\u0131n Politik Felsefesi \u00d6zg\u00fc\u00e7 G\u00fcven \u0130stanbul \u00dcniversitesi Kant&#8217;\u0131n Teorik Felsefesi, Matematik Felsefesi, Ele\u015ftiri \u00d6ncesi D\u00f6nem G\u00f6khan Sava\u015f \u0130stanbul 29 May\u0131s \u00dcniversitesi Transandantal Felsefe<\/p>\n","protected":false},"author":1,"featured_media":0,"parent":0,"menu_order":0,"comment_status":"closed","ping_status":"closed","template":"","meta":{"spay_email":""},"_links":{"self":[{"href":"http:\/\/turkiyekanttoplulugu.org\/index.php?rest_route=\/wp\/v2\/pages\/5734"}],"collection":[{"href":"http:\/\/turkiyekanttoplulugu.org\/index.php?rest_route=\/wp\/v2\/pages"}],"about":[{"href":"http:\/\/turkiyekanttoplulugu.org\/index.php?rest_route=\/wp\/v2\/types\/page"}],"author":[{"embeddable":true,"href":"http:\/\/turkiyekanttoplulugu.org\/index.php?rest_route=\/wp\/v2\/users\/1"}],"replies":[{"embeddable":true,"href":"http:\/\/turkiyekanttoplulugu.org\/index.php?rest_route=%2Fwp%2Fv2%2Fcomments&post=5734"}],"version-history":[{"count":7,"href":"http:\/\/turkiyekanttoplulugu.org\/index.php?rest_route=\/wp\/v2\/pages\/5734\/revisions"}],"predecessor-version":[{"id":11516,"href":"http:\/\/turkiyekanttoplulugu.org\/index.php?rest_route=\/wp\/v2\/pages\/5734\/revisions\/11516"}],"wp:attachment":[{"href":"http:\/\/turkiyekanttoplulugu.org\/index.php?rest_route=%2Fwp%2Fv2%2Fmedia&parent=5734"}],"curies":[{"name":"wp","href":"https:\/\/api.w.org\/{rel}","templated":true}]}}