{"id":5492,"date":"2020-06-16T16:27:12","date_gmt":"2020-06-16T13:27:12","guid":{"rendered":"http:\/\/turkiyekanttoplulugu.org\/?page_id=5492"},"modified":"2020-07-19T15:31:51","modified_gmt":"2020-07-19T12:31:51","slug":"kitap","status":"publish","type":"page","link":"http:\/\/turkiyekanttoplulugu.org\/?page_id=5492","title":{"rendered":"Kitap"},"content":{"rendered":"\n<h2><strong>KANT FELSEFES\u0130 \u0130LE BA\u011eLANTILI TEL\u0130F, \u00c7EV\u0130R\u0130 VE DERLEME K\u0130TAPLAR<\/strong><\/h2>\n\n\n\n<p>Abdullah, M. Amin. <em>The Idea of Universality of Ethical Norms in Ghazali-Kant<\/em>, TDV Yay\u0131nlar\u0131, Ankara, 1992.<\/p>\n\n\n\n<p>Akarsu,\nBedia. <em>Ahlak \u00d6\u011fretileri II: Immanuel\nKant&#8217;\u0131n Ahlak Felsefesi (\u00d6dev Ahlak\u0131)<\/em>, \u0130. \u00dc. Edebiyat Fak\u00fcltesi Yay\u0131nlar\u0131,\n\u0130stanbul, 1\/1968; 2\/1979; \u0130nk\u0131lap Yay\u0131nevi, 3\/1999.<\/p>\n\n\n\n<p>Altu\u011f,\nTaylan. <em>Modern Felsefede Metafizi\u011fin\nElenmesi ve Yol A\u00e7t\u0131\u011f\u0131 Bilgikuramsal Sorunlar<\/em>, Ege \u00dcniversitesi Bas\u0131mevi,\n\u0130zmir, 1989; <em>Modern Felsefede Metafizi\u011fin\nElenmesi<\/em>, Etik Yay\u0131nlar\u0131, 2004; Ebabil Yay\u0131nc\u0131l\u0131k, 2006; Belge Yay\u0131nlar\u0131,\n\u0130stanbul, 2016.<\/p>\n\n\n\n<p>Altu\u011f,\nTaylan. <em>Kant Esteti\u011fi<\/em>, Payel\nYay\u0131nevi, \u0130stanbul, 1\/1989; 2\/2007.<\/p>\n\n\n\n<p>Arendt,\nHannah. <em>Kant\u2019\u0131n Siyaset Felsefesi \u00dczerine\nDersler (Se\u00e7me Eserler 8)<\/em>, der. Ronald Beiner, \u00e7ev. Devrim Sezer &amp; \u0130smail\nIlgar, \u0130leti\u015fim Yay\u0131nlar\u0131, \u0130stanbul, 2019.<\/p>\n\n\n\n<p>Ataman,\nAtila. <em>\u0130lmilah, V:<\/em> <em>Copernicus, Kant, ve D\u00fc\u015f\u00fcncenin Modernli\u011fi<\/em>,\nDedalus Yay\u0131nevi, \u0130stanbul, 2015; <em>Copernicus,\nKant, ve D\u00fc\u015f\u00fcncenin Modernli\u011fi<\/em>, Ketebe Yay\u0131nlar\u0131, 2020.<\/p>\n\n\n\n<p>Atayman,\nVeysel. <em>Akl\u0131n S\u0131n\u0131rlar\u0131: Kant Felsefesine\nGiri\u015f<\/em>, yay. haz. Veysel Atayman, Donki\u015fot Yay\u0131nlar\u0131, \u0130stanbul, 2005.<\/p>\n\n\n\n<p>Ayd\u0131n,\nMehmet. <em>Kant ve \u00c7a\u011fda\u015f \u0130ngiliz\nFelsefesinde Tanr\u0131-Ahlak \u0130li\u015fkisi<\/em>, Umran Yay\u0131nlar\u0131, Ankara, 1981; T\u00fcrkiye\nDiyanet Vakf\u0131, 1991.<\/p>\n\n\n\n<p>Cassirer,\nErnst. <em>Kant\u2019\u0131n Ya\u015fam\u0131 ve \u00d6\u011fretisi<\/em>,\n\u00e7ev. Do\u011fan \u00d6zlem, Ege \u00dcniversitesi Bas\u0131mevi, \u0130zmir, 1\/1988; \u0130nk\u0131l\u00e2p Kitabevi,\n\u0130stanbul, 9\/2007; Notos Yay\u0131nevi, \u0130stanbul, 2017.<\/p>\n\n\n\n<p>Cassirer,\nErnst. <em>Rousseau, Kant, Goethe<\/em>, \u00e7ev. Mustafa\nT\u00fczel, \u0130\u015f Bankas\u0131 K\u00fclt\u00fcr Yay\u0131nlar\u0131, \u0130stanbul, 2014.<\/p>\n\n\n\n<p>Copleston,\nFrederick. <em>Kant<\/em>, \u00e7ev. A. Yard\u0131ml\u0131,\n\u0130dea Yay\u0131nevi, \u0130stanbul, 1\/1988; 3\/2004.<\/p>\n\n\n\n<p>\u00c7ilingir,\nLokman. <em>Pratik Akl\u0131n Do\u011fal Diyalekti\u011fi<\/em>,\nElis Yayinlar\u0131, Ankara, 2005.<\/p>\n\n\n\n<p>\u00c7itil,\nAyhan Ahmet. <em>Matematik ve Metafizik \u2013\nKitap I: Say\u0131 ve Nesne (Kant\u2019\u0131n Transandantal D\u00fc\u015f\u00fcncesinin Derinle\u015ftirilmesi\nYoluyla Nesne-Merkezli Bir Matematik Felsefesinin Geli\u015ftirilmesi)<\/em>, Alfa\nYay\u0131nlar\u0131, \u0130stanbul, 2012.<\/p>\n\n\n\n<p>\u00c7\u00f6rek\u00e7io\u011flu,\nHakan. <em>Kant Felsefesinin Politik Evreni<\/em>,\nder. Hakan \u00c7\u00f6rek\u00e7io\u011flu, \u0130stanbul Bilgi \u00dcniversitesi Yay\u0131nlar\u0131, \u0130stanbul, 2010; Ayr\u0131nt\u0131\nYay\u0131nlar\u0131, \u0130stanbul, 2017.<\/p>\n\n\n\n<p>Demir,\nAysel. <em>Kant, Ahlak, Siyaset<\/em>, Siyasal\nKitabevi, 2020.<\/p>\n\n\n\n<p>Deleuze,\nGilles. <em>Kant\u2019\u0131n Ele\u015ftirel Felsefesi<\/em>,\n\u00e7ev. Taylan Altu\u011f, Payel Yay\u0131nevi, \u0130stanbul, 1995.<\/p>\n\n\n\n<p>Deleuze,\nGilles. <em>Kant&#8217;\u0131n Ele\u015ftiri Felsefesi<\/em>,\n\u00e7ev. H\u00fcsen Portakal, Cem Yay\u0131nevi, \u0130stanbul, 2002.<\/p>\n\n\n\n<p>Deleuze,\nGilles. <em>Kant \u00dczerine D\u00f6rt Ders<\/em>, \u00e7ev.\nUlus Baker, \u00d6teki Yay\u0131nevi, Ankara, 2000; Yay\u0131ma Haz\u0131rlayan &amp; \u00d6ns\u00f6z: Aliye\nKovanl\u0131kaya, Kabalc\u0131 Yay\u0131nevi, \u0130stanbul, 2007.<\/p>\n\n\n\n<p>Deleuze,\nGilles. <em>Kant \u00dczerine D\u00f6rt Ders<\/em>, \u00e7ev. Talat\nK\u0131l\u0131\u00e7, Kabalc\u0131 Yay\u0131nevi, \u0130stanbul, 2020.<\/p>\n\n\n\n<p>Dursun,\nY\u00fccel. <em>Felsefede ve Matematikte\nAnalitik\/Sentetik Ayr\u0131m\u0131<\/em>, Elips Yay\u0131nlar\u0131, Ankara, 2004; \u0130mge Kitabevi\nYay\u0131nlar\u0131, Ankara, 2015.<\/p>\n\n\n\n<p>Dural\u0131,\n\u015e. Teoman. <em>Akl\u0131n Anatomisi. Salt Akl\u0131n\nEle\u015ftirisi\u2019nin Te\u015frihi<\/em>, Derg\u00e2h Yay\u0131nlar\u0131, \u0130stanbul, 2010.<\/p>\n\n\n\n<p>Eren\u00f6zl\u00fc,\nSuat. <em>Kant Esteti\u011fi ve Modern Ele\u015ftiriler<\/em>,\nAktif D\u00fc\u015f\u00fcnce Yay\u0131nc\u0131l\u0131k, \u0130stanbul, 2020.<\/p>\n\n\n\n<p>Eri\u015firgil,\nMehmed Emin. <em>Kant ve Felsefesi<\/em>,\nMatbaa-i Amire, \u0130stanbul, 1339 (1923); ed. \u0130smail Ta\u015fp\u0131nar, \u0130nsan Yay\u0131nlar\u0131,\n\u0130stanbul, 1997 [Bu eserin ilk bask\u0131s\u0131n\u0131n sayfa \u201c137-158\u201d aras\u0131, Murtaza\nKorlael\u00e7i taraf\u0131ndan sadele\u015ftirilerek yay\u0131mlanm\u0131\u015ft\u0131r. \u201cAkl\u00ee \u0130l\u00e2hiyat (1), Saf\nAkl\u0131n En Y\u00fcksek Gayesi (2)\u201d, sadele\u015ftiren. Murtaza Korlael\u00e7i, <em>Erciyes \u00dcniversitesi Sosyal Bilimler\nEnstit\u00fcs\u00fc Dergisi<\/em>, 2\/1988: 71-91].<\/p>\n\n\n\n<p>Filippov,\nMihail Mihailovi\u00e7. <em>Immanuel Kant: Hayat\u0131\nve Felsefi \u00c7al\u0131\u015fmalar\u0131<\/em>, \u00e7ev. Emel Saat\u00e7i, Dorlion Yay\u0131nevi, Ankara, 2019.<\/p>\n\n\n\n<p>Friedman,\nMichael. <em>Kant ve Kesin Bilimler<\/em>, \u00e7ev.\nSibel \u015ean \u00d6\u011fet, Alfa Yay\u0131nlar\u0131, \u0130stanbul, 2015.<\/p>\n\n\n\n<p>Geier,\nManfred. <em>Kant&#8217;\u0131n D\u00fcnyas\u0131<\/em>, \u00e7ev. Erol\n\u00d6zbek, \u0130leti\u015fim Yay\u0131nlar\u0131, \u0130stanbul, 2009.<\/p>\n\n\n\n<p>Goldmann,\nLucien. <em>Kant Felsefesine Giri\u015f<\/em>, \u00e7ev.\nAf\u015far Timu\u00e7in, Metis Yay\u0131nlar\u0131, \u0130stanbul, 1983.<\/p>\n\n\n\n<p>G\u00f6kberk,\nMacit. <em>Kant ile Herder&#8217;in Tarih\nAnlay\u0131\u015flar\u0131<\/em>, \u0130. \u00dc. Edebiyat Fak\u00fcltesi Yay\u0131nlar\u0131, \u0130stanbul, 1948; Yap\u0131 Kredi\nYay\u0131nlar\u0131, \u0130stanbul, 1997; 2\/2019.<\/p>\n\n\n\n<p>G\u00f6zk\u00e2n,\nH. B\u00fclent. <em>Kant\u2019\u0131n \u015eemsiyesi: Kant\u2019\u0131n\nTeorik Felsefesi \u00dczerine Yaz\u0131lar<\/em>, YKY, \u0130stanbul, 2018.<\/p>\n\n\n\n<p>G\u00fcltepe,\nZeynep. <em>Immanuel Kant\u2019\u0131n Kozmopolit Hukuk\n\u0130dealine Kar\u015f\u0131 Carl Schmitt\u2019in Realizmi<\/em>, On \u0130ki Levha Yay\u0131nc\u0131l\u0131k, 2019.<\/p>\n\n\n\n<p>G\u00fcnen\u00e7,\nMehmet. <em>Kant\u2019ta Tanr\u0131 ve\nTanr\u0131salla\u015ft\u0131r\u0131lan Ak\u0131l<\/em>, Elis Yay\u0131nlar\u0131, Ankara, 2016.<\/p>\n\n\n\n<p>Heimsoeth,\nHeinz. <em>Immanuel Kant\u2019\u0131n Felsefesi<\/em>,\n\u00e7ev. Takiyettin Meng\u00fc\u015fo\u011flu, \u0130stanbul: \u0130.\u00dc. Edebiyat Fak\u00fcltesi, 1967; <em>Immanuel Kant\u2019\u0131n Felsefesi: Kant\u2019\u0131 Anlamak\n\u0130\u00e7in Anahtar Kitap<\/em>, yay. haz. Tomris Meng\u00fc\u015fo\u011flu, Remzi Kitabevi, \u0130stanbul,\n1986; <em>Kant\u2019\u0131n Felsefesi<\/em>, yay. haz.\nUlu\u011f Nutku &amp; \u015eermin Korkusuz, Do\u011fu Bat\u0131 Yay\u0131nlar\u0131, Ankara, 2007.<\/p>\n\n\n\n<p>I\u015f\u0131k,\nAyd\u0131n. <em>\u0130nan\u00e7 Krizi: Augustinus, Gazali,\nKant, Russell<\/em>, \u00d6t\u00fcken Ne\u015friyat, Ankara, 2009.<\/p>\n\n\n\n<p>Karatani,\nKojin. <em>Transkritik: Kant ve Marx \u00dczerine<\/em>,\n\u00e7ev. Erkan \u00dcnal, Metis Yay\u0131nlar\u0131, \u0130stanbul, 2008.<\/p>\n\n\n\n<p>Karde\u015fler,\nK\u0131van\u00e7. <em>Immanuel Kant \u2013 Bir Kant &amp;\nFelsefe Kuram\u0131 Klasi\u011fi: Ya\u015fam Felsefesi<\/em>, Dorlion Yay\u0131nevi, Ankara, 2019.<\/p>\n\n\n\n<p>Kaufmann,\nWalter. <em>\u0130nsan\u0131 Anlamak 1 \/ Goethe, Kant,\nHegel<\/em>, \u00e7ev. Aziz Yard\u0131ml\u0131, \u0130dea Yay\u0131nevi, \u0130stanbul, 1995.<\/p>\n\n\n\n<p>Keskin,\nGamze. <em>Kant Esteti\u011fi ve Romantisizm<\/em>, Alfa\nYay\u0131nlar\u0131, \u0130stanbul, 2019.<\/p>\n\n\n\n<p>Kuehn,\nManfred. <em>Immanuel Kant<\/em>, \u00e7ev. B\u00fclent\nO. Do\u011fan, \u0130\u015f Bankas\u0131 K\u00fclt\u00fcr Yay\u0131nlar\u0131, \u0130stanbul, 2011.<\/p>\n\n\n\n<p>Ku\u00e7uradi,\n\u0130oanna. <em>Bar\u0131\u015f\u0131n Felsefesi: 200. \u00d6l\u00fcm Y\u0131l\u0131nda\nKant<\/em>, yay. haz. \u0130oanna Ku\u00e7uradi, T\u00fcrkiye Felsefe Kurumu Yay\u0131nlar\u0131, Ankara,\n2006.<\/p>\n\n\n\n<p>Kula,\nOnur Bilge. <em>Kant Esteti\u011fi ve Yaz\u0131n Kuram\u0131<\/em>,\nDoruk Yay\u0131nlar\u0131, \u0130stanbul, 2008.<\/p>\n\n\n\n<p>Kula,\nOnur Bilge. <em>Kant, Schiller, Heidegger:\nEstetik ve Edebiyat<\/em>, T\u00fcrkiye \u0130\u015f Bankas\u0131 K\u00fclt\u00fcr Yay\u0131nlar\u0131, \u0130stanbul, 2012.<\/p>\n\n\n\n<p>K\u00fc\u00e7\u00fckparmak,\nAykut. <em>Kant\u2019a G\u00f6re Bilgi ve Metafizi\u011fin\n\u0130mkan\u0131<\/em>, \u0130z Yay\u0131nc\u0131l\u0131k, \u0130stanbul, 2017.<\/p>\n\n\n\n<p>K\u00fc\u00e7\u00fckparmak,\nAykut. <em>Kant\u2019\u0131n Zaman Teorisi<\/em>, Nobel\nYay\u0131nevi, Ankara, 2018.<\/p>\n\n\n\n<p>Lyotard,\nJean-Fran\u00e7ois. <em>Co\u015fku: Tarihin Kant\u00e7\u0131 Kriti\u011fi<\/em>,\n\u00e7ev. Emine Sar\u0131kartal, \u0130thaki Yay\u0131nlar\u0131, \u0130stanbul, 2014.<\/p>\n\n\n\n<p>Meng\u00fc\u015fo\u011flu,\nTakiyettin. <em>Kant ve Scheler\u2019de \u0130nsan\nProblemi: Felsefi Antropoloji \u0130\u00e7in Tenkidi Bir Haz\u0131rl\u0131k<\/em>, \u0130stanbul\n\u00dcniversitesi Edebiyat Fak\u00fcltesi, \u0130stanbul, 1949; \u0130stanbul Matbaas\u0131, \u0130stanbul,\n1969; <em>Kant ve Scheler\u2019de \u0130nsan Problemi:\nFelsefi Antropoloji \u0130\u00e7in Kritik Bir Haz\u0131rl\u0131k<\/em>, yay. haz. Ulu\u011f Nutku, Do\u011fu\nBat\u0131 Yay\u0131nlar\u0131, \u0130stanbul, 2014.<\/p>\n\n\n\n<p>Niquet,\nBernd. <em>\u0130\u015f\u2019te Kant. \u0130\u015f D\u00fcnyas\u0131na Filozof\u00e7a\n\u00d6neriler<\/em>, \u00e7ev. Firuzan G\u00fcrb\u00fcz, Kurald\u0131\u015f\u0131 Yay\u0131nc\u0131l\u0131k, \u0130stanbul, 2015.<\/p>\n\n\n\n<p>Reyhani,\nNebil. <em>Mu\u011fla \u00dcniversitesi Uluslararas\u0131\nKant Sempozyumu Bildirileri<\/em>, ed. Nebil Reyhani, Vadi Yay\u0131nlar\u0131, Ankara,\n2006.<\/p>\n\n\n\n<p>Sayg\u0131n,\nAlk\u0131m. <em>Kant Eti\u011fine Giri\u015f<\/em>, Sertan\nYay\u0131nlar\u0131, 2013.<\/p>\n\n\n\n<p>Scruton,\nRoger. <em>Kant (D\u00fc\u015f\u00fcncenin Ustalar\u0131)<\/em>,\n\u00e7ev. Cemal Atila, Alt\u0131n Kitaplar Yay\u0131nevi, \u0130stanbul, 2003.<\/p>\n\n\n\n<p>Soysal,\nAhmet. <em>\u00dc\u00e7 Temellendirme: Aristoteles,\nDescartes, Kant<\/em>, Monokl Yay\u0131nlar\u0131, \u0130stanbul, 2017.<\/p>\n\n\n\n<p>Strathren,\nPaul. <em>90 dakikada Kant<\/em>, \u00e7ev. Mehmet\nUksul, Genda\u015f K\u00fclt\u00fcr, \u0130stanbul, 1998.<\/p>\n\n\n\n<p>Tan,\nNecmettin. <em>\u0130mana Yer A\u00e7mak: Immanuel\nKant\u2019\u0131n Bilgi ve \u0130man Felsefesi<\/em>, \u0130z Yay\u0131nc\u0131l\u0131k, 2015.<\/p>\n\n\n\n<p>Tu\u011fcu,\nTuncar. <em>Immanuel Kant ve Transendental\n\u0130dealizm<\/em>, Alesta Yay\u0131nevi, Ankara, 2001.<\/p>\n\n\n\n<p>\u00dcm\u00fctl\u00fc,\nAy\u015fe Ya\u015far. <em>Immanuel Kant\u2019\u0131n Siyaset\nFelsefesi ve Daimi Bar\u0131\u015f Teorisi<\/em>, Mana Yay\u0131nlar\u0131, \u0130stanbul, 2017.<\/p>\n\n\n\n<p>\u00dcz\u00fcmc\u00fco\u011flu,\nAhmet. <em>Immanuel Kant<\/em>, Parola\nYay\u0131nlar\u0131, \u0130stanbul, 2019.<\/p>\n\n\n\n<p>Yal\u00e7\u0131n,\n\u015eahabettin. <em>Modern Felsefede Benlik<\/em>,\nBo\u011fazi\u00e7i \u00dcniversitesi Yay\u0131nevi, \u0130stanbul, 2010; Bilsam Yay\u0131nlar\u0131, 2018.<\/p>\n\n\n\n<p>Ye\u015fil\u00e7ay\u0131r,\nCelal. <em>Ebedi Bar\u0131\u015f \u2013 Kant Felsefesine Bir\nBak\u0131\u015f: <\/em>Pax Romana<em>\u2019dan Birle\u015fmi\u015f\nMilletler\u2019e<\/em>, Tezkire Yay\u0131nc\u0131l\u0131k, \u0130stanbul, 2017.<\/p>\n\n\n\n<p>Y\u0131lmaz,\nErdal. <em>Kant Sonras\u0131 Metafizik \u00dczerine\nKonu\u015fmalar<\/em>, yay. haz. Erdal Y\u0131lmaz, K\u00fcre Yay\u0131nlar\u0131, \u0130stanbul, 2012.<\/p>\n\n\n\n<p>Wood,\nAllen W. <em>Kant<\/em>, \u00e7ev. Aliye Kovanl\u0131kaya,\nDost Kitabevi, Ankara, 2009; Alfa Yay\u0131nc\u0131l\u0131k, 2020.<\/p>\n\n\n\n<p>Zupancic,\nAlenka. <em>Ger\u00e7e\u011fin Eti\u011fi: Kant Lacan<\/em>,\n\u00e7ev. Ahmet S\u00fcreyya \u00d6zcan, Epos Yay\u0131nevi, \u0130stanbul, 2010.<\/p>\n","protected":false},"excerpt":{"rendered":"<p class=\"teaser\">KANT FELSEFES\u0130 \u0130LE BA\u011eLANTILI TEL\u0130F, \u00c7EV\u0130R\u0130 VE DERLEME K\u0130TAPLAR Abdullah, M. Amin. The Idea of Universality of Ethical Norms in Ghazali-Kant, TDV Yay\u0131nlar\u0131, Ankara, 1992. Akarsu, Bedia. Ahlak \u00d6\u011fretileri II: Immanuel Kant&#8217;\u0131n Ahlak Felsefesi (\u00d6dev Ahlak\u0131), \u0130. \u00dc. Edebiyat Fak\u00fcltesi Yay\u0131nlar\u0131, \u0130stanbul, 1\/1968; 2\/1979; \u0130nk\u0131lap Yay\u0131nevi, 3\/1999. Altu\u011f, Taylan. Modern Felsefede Metafizi\u011fin Elenmesi ve Yol &hellip;<\/p>\n","protected":false},"author":1,"featured_media":0,"parent":5490,"menu_order":0,"comment_status":"closed","ping_status":"closed","template":"","meta":{"spay_email":""},"_links":{"self":[{"href":"http:\/\/turkiyekanttoplulugu.org\/index.php?rest_route=\/wp\/v2\/pages\/5492"}],"collection":[{"href":"http:\/\/turkiyekanttoplulugu.org\/index.php?rest_route=\/wp\/v2\/pages"}],"about":[{"href":"http:\/\/turkiyekanttoplulugu.org\/index.php?rest_route=\/wp\/v2\/types\/page"}],"author":[{"embeddable":true,"href":"http:\/\/turkiyekanttoplulugu.org\/index.php?rest_route=\/wp\/v2\/users\/1"}],"replies":[{"embeddable":true,"href":"http:\/\/turkiyekanttoplulugu.org\/index.php?rest_route=%2Fwp%2Fv2%2Fcomments&post=5492"}],"version-history":[{"count":6,"href":"http:\/\/turkiyekanttoplulugu.org\/index.php?rest_route=\/wp\/v2\/pages\/5492\/revisions"}],"predecessor-version":[{"id":5586,"href":"http:\/\/turkiyekanttoplulugu.org\/index.php?rest_route=\/wp\/v2\/pages\/5492\/revisions\/5586"}],"up":[{"embeddable":true,"href":"http:\/\/turkiyekanttoplulugu.org\/index.php?rest_route=\/wp\/v2\/pages\/5490"}],"wp:attachment":[{"href":"http:\/\/turkiyekanttoplulugu.org\/index.php?rest_route=%2Fwp%2Fv2%2Fmedia&parent=5492"}],"curies":[{"name":"wp","href":"https:\/\/api.w.org\/{rel}","templated":true}]}}